 the prime factors of 874819569.
3, 13, 22431271
What are the prime factors of 936328888?
2, 11, 337, 31573
List the prime factors of 1030342011.
3, 109, 3150893
List the prime factors of 4287565809.
3, 37, 1163, 11071
What are the prime factors of 11478010?
2, 5, 97, 11833
What are the prime factors of 68241178?
2, 5101, 6689
What are the prime factors of 5787818?
2, 19, 152311
What are the prime factors of 48785830?
2, 5, 29, 168227
What are the prime factors of 236143569?
3, 4733, 16631
List the prime factors of 117281472.
2, 3, 7, 11, 7933
List the prime factors of 18454010.
2, 5, 17, 108553
List the prime factors of 162075894.
2, 3, 23, 1174463
List the prime factors of 37843875.
3, 5, 11213
What are the prime factors of 442275417?
3, 17, 79, 12197
What are the prime factors of 52195130?
2, 5, 13, 311, 1291
List the prime factors of 218129642.
2, 139, 787, 997
List the prime factors of 724170561.
3, 173, 1395319
What are the prime factors of 101772492?
2, 3, 439, 19319
What are the prime factors of 1370037272?
2, 167, 1025477
What are the prime factors of 26275190?
2, 5, 2627519
List the prime factors of 710978648.
2, 2777, 32003
What are the prime factors of 174272281?
29, 397, 15137
What are the prime factors of 2378869273?
11, 12713, 17011
What are the prime factors of 1514741432?
2, 189342679
List the prime factors of 194346731.
227, 856153
What are the prime factors of 2854514719?
7, 407787817
List the prime factors of 648364772.
2, 11, 727, 20269
List the prime factors of 203729808.
2, 3, 83, 51137
What are the prime factors of 219973223?
3463, 63521
What are the prime factors of 23021493?
3, 11, 47, 14843
What are the prime factors of 1145866522?
2, 572933261
List the prime factors of 8119786.
2, 239, 16987
What are the prime factors of 1636129617?
3, 61, 107, 83557
What are the prime factors of 42731405?
5, 277, 30853
What are the prime factors of 1056772800?
2, 3, 5, 73387
List the prime factors of 988833691.
31, 73, 436957
List the prime factors of 2541717.
3, 282413
List the prime factors of 45030011.
13, 29, 31, 3853
What are the prime factors of 490876261?
43, 101, 113027
List the prime factors of 109560170.
2, 5, 10956017
List the prime factors of 22172472.
2, 3, 7, 29, 37, 41
What are the prime factors of 119855263?
11, 10895933
What are the prime factors of 8960252?
2, 7, 320009
List the prime factors of 990157885.
5, 198031577
What are the prime factors of 21939740?
2, 5, 59, 18593
List the prime factors of 72634504.
2, 271, 33503
List the prime factors of 153552276.
2, 3, 107, 39863
List the prime factors of 36757764.
2, 3, 811, 1259
What are the prime factors of 71718002?
2, 17, 23, 91711
What are the prime factors of 99298888?
2, 13, 59, 16183
What are the prime factors of 11975722?
2, 11, 683, 797
What are the prime factors of 53719926?
2, 3, 13, 688717
List the prime factors of 396779576.
2, 43, 1153429
What are the prime factors of 20046427?
20046427
What are the prime factors of 18981564?
2, 3, 7, 89, 2539
List the prime factors of 10641342.
2, 3, 67, 103, 257
What are the prime factors of 88561604?
2, 311, 71191
What are the prime factors of 3791422361?
3791422361
What are the prime factors of 912581957?
7, 71, 103, 17827
List the prime factors of 27409251.
3, 9136417
List the prime factors of 559095293.
23, 97, 131, 1913
List the prime factors of 51869832.
2, 3, 7, 6301
List the prime factors of 493970694.
2, 3, 7, 139, 191, 443
List the prime factors of 14754194.
2, 7, 13, 37, 313
List the prime factors of 71961594.
2, 3, 193, 62143
List the prime factors of 7909418699.
7, 13, 233, 1601
List the prime factors of 405218186.
2, 23, 8809091
List the prime factors of 104300350.
2, 5, 7, 11, 27091
What are the prime factors of 1719960964?
2, 5651, 76091
What are the prime factors of 178098892?
2, 44524723
List the prime factors of 3015486981.
3, 13, 8591131
What are the prime factors of 48370028?
2, 7, 29, 71, 839
What are the prime factors of 660593249?
7229, 91381
List the prime factors of 3117968647.
19, 6269, 26177
List the prime factors of 2000037010.
2, 5, 773, 258737
What are the prime factors of 544858163?
13693, 39791
What are the prime factors of 77071958?
2, 1783, 21613
List the prime factors of 294402379.
17, 503, 34429
What are the prime factors of 50023361?
53, 943837
What are the prime factors of 90883939?
673, 135043
List the prime factors of 15079532.
2, 13, 22307
What are the prime factors of 33968200?
2, 5, 7, 19, 1277
What are the prime factors of 96763427?
96763427
List the prime factors of 1290251404.
2, 13, 773, 32099
What are the prime factors of 358569362?
2, 179284681
List the prime factors of 199232670.
2, 3, 5, 7, 13, 19, 23, 167
List the prime factors of 4894112.
2, 152941
List the prime factors of 2595112327.
37, 70138171
What are the prime factors of 57567025?
5, 2302681
What are the prime factors of 60397752?
2, 3, 2516573
What are the prime factors of 2707717317?
3, 902572439
What are the prime factors of 124617596?
2, 1409, 22111
What are the prime factors of 184351367?
12889, 14303
List the prime factors of 3262156603.
3262156603
List the prime factors of 2446749505.
5, 37, 53, 249541
List the prime factors of 10503370.
2, 5, 1050337
List the prime factors of 1638825666.
2, 3, 113, 359, 6733
What are the prime factors of 444548786?
2, 11, 20206763
List the prime factors of 474159127.
13, 36473779
What are the prime factors of 56392531?
13, 71, 107, 571
What are the prime factors of 58579601?
58579601
What are the prime factors of 1541542172?
2, 385385543
List the prime factors of 261380145.
3, 5, 13, 1340411
What are the prime factors of 1901337194?
2, 1693, 561529
List the prime factors of 2075812016.
2, 19, 6828329
What are the prime factors of 2188148284?
2, 7, 4919, 15887
List the prime factors of 1068023976.
2, 3, 44500999
List the prime factors of 1624107362.
2, 2857, 284233
What are the prime factors of 2707981943?
2707981943
What are the prime factors of 99831587?
37, 72923
What are the prime factors of 66211608?
2, 3, 2758817
List the prime factors of 99549346.
2, 13, 3828821
List the prime factors of 184483577.
631, 292367
What are the prime factors of 41612105?
5, 1801, 4621
List the prime factors of 925208921.
7, 13, 782087
List the prime factors of 199049691.
3, 66349897
List the prime factors of 113715632.
2, 41, 173347
List the prime factors of 2513492269.
383, 6562643
What are the prime factors of 1015543783?
24077, 42179
List the prime factors of 1838044.
2, 13, 2719
What are the prime factors of 1846329673?
1846329673
What are the prime factors of 482410262?
2, 127, 1899253
What are the prime factors of 1986608039?
13, 1427, 107089
List the prime factors of 959302582.
2, 7, 349, 196337
What are the prime factors of 979955668?
2, 67, 3656551
What are the prime factors of 225971872?
2, 7, 23, 1907
List the prime factors of 58516887.
3, 11, 13, 136403
What are the prime factors of 109483942?
2, 54741971
List the prime factors of 865984853.
61, 2311, 6143
List the prime factors of 551528715.
3, 5, 149, 246769
List the prime factors of 113329976.
2, 239, 59273
List the prime factors of 168286299.
3, 109, 514637
What are the prime factors of 42284751?
3, 14094917
List the prime factors of 12774523.
12774523
What are the prime factors of 243393750?
2, 3, 5, 4327
What are the prime factors of 410880314?
2, 13, 67, 149, 1583
What are the prime factors of 174072791?
174072791
What are the prime factors of 319202799?
3, 106400933
What are the prime factors of 256762061?
151, 11261
What are the prime factors of 109583812?
2, 13, 2107381
List the prime factors of 30903109.
30903109
List the prime factors of 1829503.
13, 140731
List the prime factors of 58867063.
1259, 46757
List the prime factors of 98868460.
2, 5, 229, 21587
What are the prime factors of 67916908?
2, 31, 83, 6599
List the prime factors of 127661409.
3, 97, 257, 569
What are the prime factors of 3220540279?
11, 6037, 48497
List the prime factors of 1790291349.
3, 7, 11, 861131
What are the prime factors of 318499947?
3, 17, 197, 10567
List the prime factors of 215371700.
2, 5, 2153717
What are the prime factors of 10049941?
11, 17, 223, 241
List the prime factors of 6200670370.
2, 5, 73, 8494069
List the p